236653?
2
What is the ten thousands digit of 59789672?
8
What is the ten millions digit of 3132232009?
3
What is the thousands digit of 4145796245?
6
What is the hundred millions digit of 242110584?
2
What is the hundred thousands digit of 263479933?
4
What is the ten thousands digit of 71874022?
7
What is the hundreds digit of 44463822?
8
What is the thousands digit of 3887322448?
2
What is the billions digit of 1140829655?
1
What is the ten thousands digit of 4726941419?
4
What is the ten millions digit of 63402272?
6
What is the thousands digit of 102303307?
3
What is the millions digit of 568395943?
8
What is the units digit of 174832247?
7
What is the tens digit of 78990273?
7
What is the hundreds digit of 2269116684?
6
What is the units digit of 44599808?
8
What is the units digit of 954026063?
3
What is the ten millions digit of 561803240?
6
What is the thousands digit of 339005011?
5
What is the ten millions digit of 377443051?
7
What is the ten thousands digit of 362078?
6
What is the hundreds digit of 322247280?
2
What is the ten thousands digit of 12477737?
7
What is the thousands digit of 817535438?
5
What is the hundred thousands digit of 646438655?
4
What is the ten thousands digit of 259690969?
9
What is the thousands digit of 3234719284?
9
What is the ten millions digit of 70615248?
7
What is the millions digit of 2994805666?
4
What is the tens digit of 137702860?
6
What is the hundred millions digit of 1139448490?
1
What is the hundreds digit of 3686740838?
8
What is the tens digit of 69623283?
8
What is the units digit of 5843840428?
8
What is the ten thousands digit of 947854360?
5
What is the millions digit of 62469632?
2
What is the millions digit of 1876977602?
6
What is the tens digit of 68703173?
7
What is the tens digit of 880902960?
6
What is the tens digit of 475270199?
9
What is the thousands digit of 101903299?
3
What is the units digit of 862114819?
9
What is the tens digit of 184478060?
6
What is the hundred thousands digit of 75241247?
2
What is the thousands digit of 107338524?
8
What is the hundreds digit of 333892116?
1
What is the tens digit of 912880033?
3
What is the hundreds digit of 162903442?
4
What is the ten millions digit of 3947526688?
4
What is the hundred millions digit of 1910835713?
9
What is the units digit of 22867153?
3
What is the units digit of 8372989304?
4
What is the units digit of 494578688?
8
What is the hundreds digit of 302263522?
5
What is the hundred thousands digit of 113315497?
3
What is the hundreds digit of 19679443?
4
What is the billions digit of 5055191465?
5
What is the ten millions digit of 119087331?
1
What is the ten millions digit of 132424275?
3
What is the thousands digit of 9053699?
3
What is the tens digit of 14847273?
7
What is the tens digit of 8880187?
8
What is the ten thousands digit of 5220162759?
6
What is the ten thousands digit of 87780593?
8
What is the thousands digit of 492414367?
4
What is the units digit of 1013624985?
5
What is the thousands digit of 4073653345?
3
What is the hundred thousands digit of 20677643?
6
What is the thousands digit of 57688865?
8
What is the units digit of 282925911?
1
What is the hundred thousands digit of 4383222559?
2
What is the billions digit of 1528998558?
1
What is the thousands digit of 91702620?
2
What is the hundreds digit of 123549155?
1
What is the hundreds digit of 2564812600?
6
What is the units digit of 279252184?
4
What is the millions digit of 4211490545?
1
What is the hundreds digit of 16202015?
0
What is the thousands digit of 67310913?
0
What is the hundred thousands digit of 226314115?
3
What is the hundreds digit of 4549841178?
1
What is the millions digit of 3597385331?
7
What is the ten thousands digit of 17573704?
7
What is the thousands digit of 56515241?
5
What is the ten millions digit of 185711399?
8
What is the ten millions digit of 22854925?
2
What is the thousands digit of 30557247?
7
What is the ten thousands digit of 9373160?
7
What is the millions digit of 5360363?
5
What is the millions digit of 5080879450?
0
What is the ten thousands digit of 130371566?
7
What is the units digit of 2170953766?
6
What is the tens digit of 1161000075?
7
What is the ten thousands digit of 803067219?
6
What is the millions digit of 19054367?
9
What is the ten thousands digit of 39822355?
2
What is the hundred thousands digit of 1040120175?
1
What is the ten millions digit of 26768440?
2
What is the hundreds digit of 52141602?
6
What is the hundred millions digit of 1637776495?
6
What is the tens digit of 110550304?
0
What is the thousands digit of 74137928?
7
What is the ten millions digit of 175587859?
7
What is the tens digit of 6895186?
8
What is the ten thousands digit of 6456914459?
1
What is the millions digit of 111175846?
1
What is the ten thousands digit of 884919188?
1
What is the ten thousands digit of 757985272?
8
What is the hundred thousands digit of 9315427?
3
What is the hundreds digit of 131016849?
8
What is the millions digit of 475701854?
5
What is the units digit of 6129472577?
7
What is the ten thousands digit of 842263179?
6
What is the ten millions digit of 16213078?
1
What is the ten millions digit of 138127778?
3
What is the hundred thousands digit of 358618200?
6
What is the tens digit of 1241627379?
7
What is the tens digit of 384161169?
6
What is the units digit of 260613119?
9
What is the ten millions digit of 73830523?
7
What is the hundred thousands digit of 177913191?
9
What is the millions digit of 223929222?
3
What is the billions digit of 7931307800?
7
What is the units digit of 379779147?
7
What is the thousands digit of 42560327?
0
What is the thousands digit of 669241150?
1
What is the hundred thousands digit of 92841320?
8
What is the tens digit of 743661458?
5
What is the hundreds digit of 41920252?
2
What is the ten millions digit of 698945189?
9
What is the hundreds digit of 133766556?
5
What is the ten thousands digit of 95277121?
7
What is the units digit of 8066581?
1
What is the millions digit of 3504577179?
4
What is the tens digit of 472184161?
6
What is the hundred millions digit of 999392891?
9
What is the hundreds digit of 295203351?
3
What is the hundred thousands digit of 238405275?
4
What is the thousands digit of 332339705?
9
What is the hundred millions digit of 951344664?
9
What is the tens digit of 2774827016?
1
What is the tens digit of 692427334?
3
What is the tens digit of 4870880357?
5
What is the ten thousands digit of 80012425?
1
What is the hundreds digit of 34182049?
0
What is the thousands digit of 3932602944?
2
What is the units digit of 161435868?
8
What is the thousands digit of 257922403?
2
What is the hundreds digit of 51245569?
5
What is the millions digit of 1148168985?
8
What is the units digit of 322570277?
7
What is the ten millions digit of 92324285?
9
What is the hundred millions digit of 321208095?
3
What is the hundred millions digit of 215280941?
2
What is the ten millions digit of 32724056?
3
What is the hundred thousands digit of 582615272?
6
What is the billions digit of 4400954285?
4
What is the hundred thousands digit of 370017352?
0
What is the ten millions digit of 1040437001?
4
What is the thousands digit of 561148096?
8
What is the tens digit of 28950207?
0
What is the ten thousands digit of 48948705?
4
What is the hundreds digit of 1310932490?
4
What is the units digit of 228156697?
7
What is the ten thousands digit of 70373563?
7
What is the millions digit of 6484804095?
4
What is the ten millions digit of 2805563490?
0
What is the units digit of 904726882?
2
What is the millions digit of 428968498?
8
What is the hundreds digit of 106091101?
1
What is the ten thousands digit of 1988551090?
5
What is the ten millions digit of 1739484653?
3
What is the thousands digit of 109599563?
9
What is the tens digit of 272029092?
9
What is the ten thousands digit of 472283565?
8
What is the ten thousands digit of 11532618?
3
What is the ten thousands digit of 1891445362?
4
What is the hundred thousands digit of 88799597?
7
What is the units digit of 31161460?
0
What is the units digit of 3116466860?
0
What is the millions digit of 1811695478?
1
What is the thousands digit of 68506137?
6
What is the hundred millions digit of 